**3 + 0*f. What is the units digit of q(2)?
9
Suppose 0 = 2*n + 15 - 41. Suppose 5*a + 35 = 3*w, -2 = 5*a + w + n. What is the units digit of a/((-4)/11) + -2?
9
Let y = 57 + -91. Let z = 23 + y. Let c = -6 - z. What is the units digit of c?
5
Let x = 27 - 20. What is the units digit of x?
7
Let q = 9 + -10. Let c = -7 - q. Let k = c - -7. What is the units digit of k?
1
Suppose 3*y - 31 + 16 = 0. Let u(x) be the first derivative of x**3/3 - 3*x**2 + 6*x - 1. What is the units digit of u(y)?
1
Let h(a) = 3*a**2 - 3*a. What is the units digit of h(3)?
8
Let b be (-9)/1*(-4)/6. Suppose 0 = -3*j + 5*j - b. Suppose -4*f - 4*r - 5 = -r, -r = -j*f + 6. What is the units digit of f?
1
Let p be ((-2)/(-4))/(1/4). Suppose 0 = p*x + 6*v - 2*v, 2 = -2*x - 5*v. Suppose x = j - 0. What is the units digit of j?
4
Let o(n) = n**3 + 7*n**2 + 7*n + 3. Let q be o(-5). Let c = 45 - q. What is the tens digit of c?
2
Suppose -s + 5*m - 18 = 0, 0*s - 4*m = -s - 14. Let y be 2/s + (1 - -6). Suppose k + 5 - 16 = -2*h, -4*k + 4*h = -y. What is the units digit of k?
5
Let a(s) = -5 - s - 4*s**2 - 4*s - s**3 + 3*s. Let z be a(-4). Suppose -4*m = 16, z*i - 21 - 7 = 4*m. What is the units digit of i?
4
What is the units digit of 1/4 + 1251/36?
5
Let x(m) = -3 - 2 + 7*m + 3*m + 2. What is the tens digit of x(2)?
1
Let d = 3 - 1. What is the tens digit of (1 - -9) + -1 + d?
1
Let h be (-2)/(-4) - 30/(-4). What is the tens digit of (-2)/h - (-305)/20?
1
Suppose -12 = -g - 2*g. What is the units digit of g/(-22) + 68/11?
6
Let j(d) = 2*d - 8. Let z be 5*1 - 0/3. Suppose 0 = -z*f + 3*p + 6 + 33, -2*f - 2*p + 6 = 0. What is the units digit of j(f)?
4
Let p(b) = -b**3 + 5*b**2 + b - 2. Let u be p(5). Suppose 27 = -4*t + 115. Suppose u*m - 17 = t. What is the units digit of m?
3
Let v(w) = -6*w**2 + 3*w - 1. Let l be v(2). Suppose 5 - 67 = -2*u. Let g = u + l. What is the units digit of g?
2
Suppose u - 7 = -i, -5*i + 59 = -u - 2*u. What is the tens digit of (-18)/(-15)*225/i?
2
Suppose 4*w = -0*w + 12, 0 = 3*d + w - 555. What is the units digit of d?
4
Let c(x) = 2*x**2 - 6*x + 7. Let q be c(5). Let r = 51 - q. What is the units digit of r?
4
Let v(p) = p**2 - 8*p - 7. Let m be (-94)/(-10) - 6/15. What is the units digit of v(m)?
2
Suppose -2*g - 3*g + 45 = 0. What is the units digit of (g - 7)/((-4)/(-14))?
7
Let v = 3 - 5. What is the units digit of v + 0 + 31 + 1?
0
What is the tens digit of (-40)/(4/(-1)) - -2?
1
Suppose 4*u - 71 = 17. Let n = u + -9. What is the units digit of n?
3
Let q(y) = -2*y**3 + 11*y**2 - 7*y + 9. Let l(j) = -3*j**3 + 21*j**2 - 13*j + 18. Let b(g) = -3*l(g) + 5*q(g). What is the units digit of b(-9)?
6
Let u(t) = -2*t - 8. What is the units digit of u(-7)?
6
What is the tens digit of (-2 - -44)*(7 - 6)?
4
Suppose 210 = 65*t - 59*t. What is the tens digit of t?
3
Let c(h) = -h**3 + 3*h - 4. Let o be c(-3). Let w = 25 - o. Let r = w - 8. What is the units digit of r?
3
Let l = 10 - -5. What is the units digit of l?
5
Let z be (-27)/6*4/3. What is the units digit of 5/(-2*1/z)?
5
Let f = -1 - -6. Let d(a) = -22*a. Let c be d(-1). Suppose 0 = -f*v + 5*r + 45, -9 = -5*v - 2*r + c. What is the units digit of v?
7
Suppose -4*r - 3*o - 142 = 0, -4*o = 3*r + 112 - 9. Let y = -17 - r. What is the tens digit of y?
2
Suppose 12 = 2*a - 84. What is the units digit of a?
8
Let r(f) = -2. Let i(a) = a + 14. Let d(b) = -2*i(b) - 6*r(b). Let p = -14 - -2. What is the units digit of d(p)?
8
What is the units digit of (-3)/2*8/(-12)?
1
Let p = 142 + 16. What is the tens digit of p?
5
Let r be 2/(-10) - 108/10. Let w = r + 16. Suppose 0 = -4*z + 19 + w. What is the units digit of z?
6
Let t(i) = -i**2 - 6*i - 4. Let z = -7 - -2. Let l be t(z). Let n(a) = 12*a**3 - a + 1. What is the units digit of n(l)?
2
Let g = 3 - 1. Suppose -3*k - g*k + 10 = 0. Suppose -k = -4*d + 10. What is the units digit of d?
3
Let b = -4 + 7. Suppose 26 = c + b*s, 0 = -3*c - s - 4*s + 74. What is the units digit of c?
3
Suppose 3*m = 4*m + 12. Let c be (-56)/(-2)*(-9)/m. Let a = -12 + c. What is the units digit of a?
9
Let a be (-214)/(-9) - 14/(-63). Suppose -z - 2*z - a = 0. What is the units digit of 3*-6*z/18?
8
Suppose 0 = -4*g + 129 + 159. What is the units digit of g?
2
Let r be 6/15 + 8/(-20). Suppose -5*m + r*m = 5. Let s = 17 + m. What is the units digit of s?
6
Let r(h) = -22*h + 16. What is the hundreds digit of r(-6)?
1
Suppose 4 = q + 1. Let s be (-3*1)/q + -2. What is the units digit of ((-6)/2 - -2)*s?
3
Suppose 2*l + l + t + 5 = 0, -l - 2*t - 10 = 0. Suppose 3*h - 2*x = 46, -4*x = -l*h + 5*h - 62. What is the tens digit of h?
1
Let v(g) = 22*g + 10. What is the tens digit of v(3)?
7
Let l(x) = -x**3 + 13*x**2 - 16*x. What is the tens digit of l(11)?
6
Let z(d) = -d - 1. Let m be z(8). Let i be m/36 + (-34)/(-8). Let o = i + 0. What is the units digit of o?
4
Suppose 10*g - 3640 = -690. What is the hundreds digit of g?
2
Suppose -17*s + 522 = -8*s. What is the tens digit of s?
5
Let l(r) = r**3 + 2*r**2 - 2*r - 2. Let t be l(-2). Let q = -1 - -4. What is the units digit of q - (t - 3)*0?
3
Suppose -5*f - 12 = -6*f. What is the tens digit of 220/7 + f/(-28)?
3
Let z be 1 + (3 - (3 - 4)). Suppose 4*i - 1 = -3*x - 8, i + 19 = z*x. What is the units digit of x?
3
Let j be (-1)/(-2)*2 + 0. Let n be (0 - (0 - 1)) + -1. Let c = j - n. What is the units digit of c?
1
Suppose g - 4 = -3. Let b be (-1*2 + 2)/1. Let r = b + g. What is the units digit of r?
1
Suppose -3*y - 48 = -4*o - y, 2*y - 40 = -4*o. What is the tens digit of o?
1
Suppose -2*g + 5*q = 2*g - 210, 4*g = 2*q + 204. Suppose 4*s = -0*j - j + 19, g = 5*s - 4*j. What is the units digit of s?
6
Let d(a) = 5*a - 8. Let w be d(4). Let j be 1/(2*(-2)/(-20)). Suppose 3*h + 8 = j*t - w, 2*h = 0. What is the units digit of t?
4
Let v be (36/(-8))/((-1)/6). Suppose 2*c + c + 3 = 0, 2*c - v = -j. What is the tens digit of j?
2
Suppose 9*s - 95 = 8*s. Suppose 4*j = 13 + s. What is the tens digit of j?
2
Suppose -224 = -2*a - 2*a. What is the units digit of a?
6
Suppose 5*o = -4*o + 1719. What is the units digit of o?
1
Let i = -4 + 6. Suppose -i*h + 2 + 12 = 0. Let m(j) = j + 5. What is the tens digit of m(h)?
1
Suppose 3*d - 73 = 80. What is the units digit of d?
1
Let p(q) = 8*q + 16. What is the units digit of p(3)?
0
Let j = -4 + 4. Suppose j = p + 3*m - 6, m - 2*m - 2 = -p. What is the units digit of p?
3
Let v be (-1)/(-2)*42/3. What is the units digit of 1*v - (-8 - -7)?
8
What is the tens digit of (-1 + 0)/((-1)/11)?
1
Let m = 20 - -40. Suppose -2*i = 3*p - 12, -2*p - 19 = 5*i - m. What is the units digit of i?
9
Let t(a) = -a**2 - 6*a + 9. Let m be t(-7). Suppose 2*f = -m*f + 16. What is the units digit of f?
4
Let j(s) = s**3 - 6*s**2 - 7*s + 4. Let h be j(7). Suppose 0*m + 56 = h*m. What is the units digit of m?
4
Let l(f) = -f**3 + 16*f**2 - 21*f + 2. What is the hundreds digit of l(14)?
1
Let w(c) = -c**3 - 4*c**2 - 2*c - 2. Let o be w(-4). Suppose h + i + 1 = 0, 4*h - i - i = 14. Suppose 0*t + o = h*t. What is the units digit of t?
3
What is the units digit of 50/(-4)*(2 - 0 - 8)?
5
Suppose 6*w = -41 + 119. What is the tens digit of w?
1
What is the hundreds digit of (6/4)/((-4029)/(-804) + -5)?
1
Suppose w - 1 = 0, -97 = -4*b + 3*w + 76. Let n = -25 + b. Let k = -9 + n. What is the tens digit of k?
1
Let d(q) = -11*q - 6. What is the tens digit of d(-4)?
3
What is the tens digit of 5/(-15) - 633/(-9)?
7
Suppose 8*t - 3*h - 19 = 3*t, -1 = -t + 2*h. What is the units digit of t?
5
Let p be 13 - ((-1 - -2) + 1). Let x = p + 8. What is the units digit of x?
9
Let h(y) = -2*y + 3. Let c be h(-3). Let r = c - -3. What is the units digit of r?
2
What is the tens digit of 75/5*(-22)/(-5)?
6
Suppose 0*y = -4*y + 4. What is the units digit of (-1 - (-15 - 0))/y?
4
Let f(a) = 2*a**2 - 4*a + 2. Let v be f(2). Let q = 3 + 18. Suppose 3*u - 7 = i + 6*u, q = v*i - u. What is the units digit of i?
8
Let c(f) = -f**3 - 18*f**2 - 6*f + 12. What is the units digit of c(-18)?
0
Let c(r) = -r**2 - 14*r + 6. Let j be c(-14). What is the units digit of (j/3 - -1)/3?
1
Let q(m) = -7*m**2 + 7 + m**3 + 10*m + m**2 - 5*m**2. Let n be (-10)/((-1)/2*2). What is the units digit of q(n)?
7
Let o(n) be the first derivative of -n**4/4 - 4*n**3/3 +